62?
1
What is the hundreds digit of 1905086?
0
What is the tens digit of 5401336?
3
What is the thousands digit of 21335565?
5
What is the units digit of 9038682?
2
What is the tens digit of 56514?
1
What is the hundreds digit of 4305562?
5
What is the units digit of 2754848?
8
What is the millions digit of 1274364?
1
What is the tens digit of 2831102?
0
What is the ten millions digit of 17065213?
1
What is the tens digit of 689504?
0
What is the hundred thousands digit of 460021?
4
What is the hundred thousands digit of 233409?
2
What is the ten thousands digit of 846151?
4
What is the hundreds digit of 15355632?
6
What is the thousands digit of 163823?
3
What is the thousands digit of 5851184?
1
What is the hundred thousands digit of 426027?
4
What is the hundreds digit of 9241239?
2
What is the units digit of 331186?
6
What is the hundreds digit of 20513774?
7
What is the hundreds digit of 1354499?
4
What is the hundreds digit of 274067?
0
What is the millions digit of 13989276?
3
What is the hundred thousands digit of 136494?
1
What is the thousands digit of 222782?
2
What is the thousands digit of 197682?
7
What is the units digit of 46989?
9
What is the hundreds digit of 668637?
6
What is the tens digit of 45383?
8
What is the hundreds digit of 301496?
4
What is the millions digit of 1879098?
1
What is the units digit of 151325?
5
What is the ten thousands digit of 1265762?
6
What is the tens digit of 2334647?
4
What is the millions digit of 1203404?
1
What is the ten thousands digit of 802465?
0
What is the ten thousands digit of 145096?
4
What is the hundred thousands digit of 3374552?
3
What is the tens digit of 685665?
6
What is the hundreds digit of 69740?
7
What is the thousands digit of 47988?
7
What is the hundred thousands digit of 202414?
2
What is the hundreds digit of 5942194?
1
What is the units digit of 340653?
3
What is the units digit of 164503?
3
What is the hundreds digit of 3904184?
1
What is the tens digit of 139570?
7
What is the tens digit of 816244?
4
What is the ten millions digit of 31351949?
3
What is the thousands digit of 11982978?
2
What is the hundred thousands digit of 669880?
6
What is the hundred thousands digit of 132226?
1
What is the ten thousands digit of 75502?
7
What is the ten thousands digit of 436704?
3
What is the ten thousands digit of 968535?
6
What is the tens digit of 166656?
5
What is the ten millions digit of 28235612?
2
What is the thousands digit of 902544?
2
What is the hundred thousands digit of 206244?
2
What is the ten thousands digit of 881438?
8
What is the units digit of 223440?
0
What is the thousands digit of 2056180?
6
What is the units digit of 461470?
0
What is the hundreds digit of 13634177?
1
What is the hundred thousands digit of 239424?
2
What is the tens digit of 5085855?
5
What is the millions digit of 2238251?
2
What is the ten thousands digit of 77023?
7
What is the ten millions digit of 10980477?
1
What is the thousands digit of 528575?
8
What is the millions digit of 16155688?
6
What is the ten thousands digit of 56058?
5
What is the millions digit of 14343055?
4
What is the hundred thousands digit of 13203631?
2
What is the thousands digit of 1683811?
3
What is the ten thousands digit of 7367657?
6
What is the ten millions digit of 11079845?
1
What is the thousands digit of 58251?
8
What is the thousands digit of 184212?
4
What is the hundreds digit of 13344?
3
What is the tens digit of 3211537?
3
What is the hundred thousands digit of 12056678?
0
What is the ten thousands digit of 2385047?
8
What is the thousands digit of 12898523?
8
What is the hundred thousands digit of 3983129?
9
What is the units digit of 146067?
7
What is the hundred thousands digit of 21246733?
2
What is the units digit of 152897?
7
What is the units digit of 243268?
8
What is the hundreds digit of 93216?
2
What is the tens digit of 104823?
2
What is the ten thousands digit of 939942?
3
What is the tens digit of 248734?
3
What is the hundreds digit of 706038?
0
What is the thousands digit of 4605772?
5
What is the hundred thousands digit of 1276680?
2
What is the thousands digit of 842844?
2
What is the thousands digit of 526745?
6
What is the thousands digit of 9907922?
7
What is the millions digit of 2951418?
2
What is the thousands digit of 530543?
0
What is the hundred thousands digit of 8902028?
9
What is the tens digit of 94473?
7
What is the thousands digit of 40521626?
1
What is the units digit of 7013124?
4
What is the units digit of 2446583?
3
What is the hundreds digit of 60402?
4
What is the ten thousands digit of 16337290?
3
What is the hundred thousands digit of 347017?
3
What is the units digit of 3914673?
3
What is the units digit of 5181?
1
What is the hundred thousands digit of 15201846?
2
What is the tens digit of 16306986?
8
What is the ten millions digit of 20840532?
2
What is the millions digit of 3263916?
3
What is the thousands digit of 1621320?
1
What is the units digit of 973614?
4
What is the millions digit of 7772876?
7
What is the millions digit of 21384624?
1
What is the units digit of 21642542?
2
What is the thousands digit of 3243484?
3
What is the ten thousands digit of 23909459?
0
What is the hundred thousands digit of 1911806?
9
What is the hundreds digit of 119323?
3
What is the hundreds digit of 300415?
4
What is the tens digit of 33115141?
4
What is the millions digit of 13594963?
3
What is the hundreds digit of 4217438?
4
What is the tens digit of 1543496?
9
What is the tens digit of 85967?
6
What is the millions digit of 4243220?
4
What is the tens digit of 255746?
4
What is the thousands digit of 138205?
8
What is the units digit of 14799882?
2
What is the hundreds digit of 7994447?
4
What is the units digit of 1255040?
0
What is the tens digit of 9154?
5
What is the hundred thousands digit of 377657?
3
What is the hundreds digit of 77027?
0
What is the units digit of 371624?
4
What is the hundreds digit of 5993949?
9
What is the ten thousands digit of 2435435?
3
What is the ten thousands digit of 19745366?
4
What is the hundred thousands digit of 3512382?
5
What is the tens digit of 17309?
0
What is the ten thousands digit of 17956234?
5
What is the hundreds digit of 1067846?
8
What is the units digit of 2157926?
6
What is the ten thousands digit of 177205?
7
What is the thousands digit of 13525698?
5
What is the thousands digit of 22809398?
9
What is the hundred thousands digit of 935312?
9
What is the tens digit of 958967?
6
What is the hundred thousands digit of 5947496?
9
What is the units digit of 1453485?
5
What is the units digit of 104226?
6
What is the millions digit of 7104046?
7
What is the units digit of 1298580?
0
What is the thousands digit of 4255580?
5
What is the hundreds digit of 33702296?
2
What is the units digit of 112013?
3
What is the thousands digit of 318324?
8
What is the units digit of 152661?
1
What is the units digit of 1850178?
8
What is the hundred thousands digit of 1078300?
0
What is the tens digit of 3454644?
4
What is the hundred thousands digit of 11217789?
2
What is the tens digit of 426928?
2
What is the millions digit of 13331255?
3
What is the millions digit of 28362312?
8
What is the thousands digit of 5872749?
2
What is the millions digit of 1056575?
1
What is the thousands digit of 1579107?
9
What is the ten thousands digit of 32352425?
5
What is the tens digit of 1078478?
7
What is the tens digit of 5683811?
1
What is the hundred thousands digit of 3042593?
0
What is the units digit of 119136?
6
What is the tens digit of 7209?
0
What is the hundreds digit of 119523?
5
What is the hundred thousands digit of 4257654?
2
What is the units digit of 16808453?
3
What is the tens digit of 499694?
9
What is the hundreds digit of 3005037?
0
What is the hundreds digit of 221296?
2
What is the ten thousands digit of 7740776?
4
What is the hundred thousands digit of 4224025?
2
What is the ten thousands digit of 315309?
1
What is the tens digit of 204351?
5
What is the ten thousands digit of 1476799?
7
What is the tens digit of 23887093?
9
What is the millions digit of 17998891?
7
What is the hundred thousands digit of 10322191?
3
What is the thousands digit of 91676?
1
What is the hundreds digit of 567298?
2
What i